{"id":11,"date":"2013-04-05T15:18:33","date_gmt":"2013-04-05T14:18:33","guid":{"rendered":"http:\/\/praxis-guillmot.eu\/?page_id=11"},"modified":"2018-03-17T13:32:22","modified_gmt":"2018-03-17T12:32:22","slug":"cabinets","status":"publish","type":"page","link":"http:\/\/praxis-guillmot.eu\/?page_id=11","title":{"rendered":"Cabinets"},"content":{"rendered":"<h2 style=\"text-align: center;\"><\/h2>\n<h2 style=\"text-align: left;\">\u00e0 Strasbourg<\/h2>\n<p>Je suis environ 8 \u00e0 10 jours par mois au 61 avenue de Colmar \u00e0 Strasbourg, au cabinet de <a href=\"https:\/\/www.quertant.org\/praticien\/dominique-gentilhomme\" target=\"_blank\" rel=\"noopener\">Dominique Gentilhomme<\/a> qui pratique la m\u00e9thode Quertant.<\/p>\n<p>Au fond de la cour, 2<sup>\u00e8me<\/sup> \u00e9tage \u00e0 gauche en sortant de l\u2019ascenseur au fond du couloir.<\/p>\n<p>&nbsp;<\/p>\n<h2 style=\"text-align: left;\">\u00e0 Marrakech<\/h2>\n<p>Je pratique au mon domicile, \u00e0 la <a href=\"http:\/\/cliniquelemarrakech.ma\/centre-doptimisation-sante\/\" target=\"_blank\" rel=\"noopener\">clinique Le Marrakech<\/a> ou \u00e0 l\u2019<a href=\"http:\/\/deveilmaroc.com\/center\" target=\"_blank\" rel=\"noopener\">association Terre d\u2019\u00e9veil.<\/a><\/p>\n<p>Consultations sur rendez-vous.<\/p>\n<p>&nbsp;<\/p>\n<p style=\"text-align: center;\" align=\"center\">En France\u00a0: Bertrand Guillmot \u2013 61 avenue de Colmar, 67100 Strasbourg<\/p>\n<p style=\"text-align: center;\" align=\"center\">Au Maroc\u00a0: Villa 79, Borj Ennakhil 2, Nakhil sud, Route de F\u00e8s, Marrakech<\/p>\n<p style=\"text-align: center;\" align=\"center\"><a href=\"mailto:bg673@free.fr%20\">bg673@free.fr <\/a><\/p>\n<p style=\"text-align: center;\" align=\"center\">+33.6.85.12.38.66 (portable fran\u00e7ais)<\/p>\n<p style=\"text-align: center;\" align=\"center\">+212.687.132.145 (portable marocain)<\/p>\n","protected":false},"excerpt":{"rendered":"<p>\u00e0 Strasbourg Je suis environ 8 \u00e0 10 jours par mois au 61 avenue de Colmar \u00e0 Strasbourg, au cabinet de Dominique Gentilhomme qui pratique la m\u00e9thode Quertant. Au fond de la cour, 2\u00e8me \u00e9tage \u00e0 gauche en sortant de l\u2019ascenseur au fond du couloir. &nbsp; \u00e0 Marrakech Je pratique au mon domicile, \u00e0 la [&hellip;]<\/p>\n","protected":false},"author":1,"featured_media":0,"parent":0,"menu_order":1,"comment_status":"closed","ping_status":"closed","template":"page_fullwidth.php","meta":{"footnotes":""},"class_list":["post-11","page","type-page","status-publish","hentry"],"_links":{"self":[{"href":"http:\/\/praxis-guillmot.eu\/index.php?rest_route=\/wp\/v2\/pages\/11"}],"collection":[{"href":"http:\/\/praxis-guillmot.eu\/index.php?rest_route=\/wp\/v2\/pages"}],"about":[{"href":"http:\/\/praxis-guillmot.eu\/index.php?rest_route=\/wp\/v2\/types\/page"}],"author":[{"embeddable":true,"href":"http:\/\/praxis-guillmot.eu\/index.php?rest_route=\/wp\/v2\/users\/1"}],"replies":[{"embeddable":true,"href":"http:\/\/praxis-guillmot.eu\/index.php?rest_route=%2Fwp%2Fv2%2Fcomments&post=11"}],"version-history":[{"count":9,"href":"http:\/\/praxis-guillmot.eu\/index.php?rest_route=\/wp\/v2\/pages\/11\/revisions"}],"predecessor-version":[{"id":719,"href":"http:\/\/praxis-guillmot.eu\/index.php?rest_route=\/wp\/v2\/pages\/11\/revisions\/719"}],"wp:attachment":[{"href":"http:\/\/praxis-guillmot.eu\/index.php?rest_route=%2Fwp%2Fv2%2Fmedia&parent=11"}],"curies":[{"name":"wp","href":"https:\/\/api.w.org\/{rel}","templated":true}]}}