{"id":41,"date":"2013-04-05T15:26:13","date_gmt":"2013-04-05T14:26:13","guid":{"rendered":"http:\/\/praxis-guillmot.eu\/?page_id=41"},"modified":"2018-03-17T13:32:08","modified_gmt":"2018-03-17T12:32:08","slug":"accueil","status":"publish","type":"page","link":"http:\/\/praxis-guillmot.eu\/","title":{"rendered":"Bienvenue"},"content":{"rendered":"<h3 style=\"text-align: justify;\"><span style=\"color: black;\">au cabinet de m\u00e9decine naturelle Bertrand Guillmot.<\/span><\/h3>\n<p>&nbsp;<\/p>\n<p style=\"text-align: justify;\"><span style=\"color: black;\">Dans ces pages, je vous explique ma mani\u00e8re de travailler et ma philosophie en quelques mots. Mon but avec un patient est avant tout de l\u2019aider \u00e0 trouver la voie de la gu\u00e9rison et de l\u2019accompagner sur cette voie de la fa\u00e7on la plus efficace possible ou tout simplement de l\u2019aider \u00e0 rester en bonne sant\u00e9 et heureux. Pour cela, j\u2019utilise diverses m\u00e9thodes d\u2019analyses et de recherches ainsi que diverses th\u00e9rapies.<\/span><\/p>\n<p style=\"text-align: justify;\"><span style=\"color: black;\">Pour toute question, demande de renseignement ou de rendez-vous, n\u2019h\u00e9sitez pas \u00e0 me contacter soit par mail, soit par t\u00e9l\u00e9phone.<\/span><\/p>\n<p style=\"text-align: center;\" align=\"center\">Horaires : lundi \u00e0 vendredi, sur rendez-vous<\/p>\n<p style=\"text-align: center;\" align=\"center\">En France\u00a0: Bertrand Guillmot \u2013 61 avenue de Colmar, 67100 Strasbourg<\/p>\n<p style=\"text-align: center;\" align=\"center\">Au Maroc\u00a0: Villa 79, Borj Ennakhil 2, Nakhil sud, Route de F\u00e8s, Marrakech<\/p>\n<p style=\"text-align: center;\" align=\"center\"><a href=\"mailto:bg673@free.fr%20\">bg673@free.fr <\/a><\/p>\n<p style=\"text-align: center;\" align=\"center\">+33.6.85.12.38.66 (portable fran\u00e7ais)<\/p>\n<p style=\"text-align: center;\" align=\"center\">+212.687.132.145 (portable marocain)<\/p>\n<p>&nbsp;<\/p>\n","protected":false},"excerpt":{"rendered":"<p>au cabinet de m\u00e9decine naturelle Bertrand Guillmot. &nbsp; Dans ces pages, je vous explique ma mani\u00e8re de travailler et ma philosophie en quelques mots. Mon but avec un patient est avant tout de l\u2019aider \u00e0 trouver la voie de la gu\u00e9rison et de l\u2019accompagner sur cette voie de la fa\u00e7on la plus efficace possible ou [&hellip;]<\/p>\n","protected":false},"author":1,"featured_media":0,"parent":0,"menu_order":0,"comment_status":"closed","ping_status":"closed","template":"page_fullwidth.php","meta":{"footnotes":""},"class_list":["post-41","page","type-page","status-publish","hentry"],"_links":{"self":[{"href":"http:\/\/praxis-guillmot.eu\/index.php?rest_route=\/wp\/v2\/pages\/41"}],"collection":[{"href":"http:\/\/praxis-guillmot.eu\/index.php?rest_route=\/wp\/v2\/pages"}],"about":[{"href":"http:\/\/praxis-guillmot.eu\/index.php?rest_route=\/wp\/v2\/types\/page"}],"author":[{"embeddable":true,"href":"http:\/\/praxis-guillmot.eu\/index.php?rest_route=\/wp\/v2\/users\/1"}],"replies":[{"embeddable":true,"href":"http:\/\/praxis-guillmot.eu\/index.php?rest_route=%2Fwp%2Fv2%2Fcomments&post=41"}],"version-history":[{"count":7,"href":"http:\/\/praxis-guillmot.eu\/index.php?rest_route=\/wp\/v2\/pages\/41\/revisions"}],"predecessor-version":[{"id":715,"href":"http:\/\/praxis-guillmot.eu\/index.php?rest_route=\/wp\/v2\/pages\/41\/revisions\/715"}],"wp:attachment":[{"href":"http:\/\/praxis-guillmot.eu\/index.php?rest_route=%2Fwp%2Fv2%2Fmedia&parent=41"}],"curies":[{"name":"wp","href":"https:\/\/api.w.org\/{rel}","templated":true}]}}